1)/s. List the prime factors of (j/(-12))/(2/(-208)).
2, 7, 13
Let h = 645 + -273. Let c = 296 + h. Suppose 0 = 3*o + o - c. List the prime factors of o.
167
Let w(i) = 5*i**2 + 11*i + 11. Suppose 0 = -5*f + y + 146, -13 = -2*y - 5. Suppose -f*s + 25*s = 25. What are the prime factors of w(s)?
3
Suppose -5*d + 25342 + 14395 = 2*q, 0 = -5*q + 4*d + 99227. What are the prime factors of q?
3, 13, 509
Suppose -u + 4*v = -2666, 2*u - 5314 = 136*v - 131*v. List the prime factors of u.
2, 1321
Suppose -61*g + 672 = -67*g. Let f = g - -164. What are the prime factors of f?
2, 13
Let u(b) = b**3 + 5*b**2 + 4*b - 5. Let j be u(-4). Let z(t) = 4*t**2 - 2 - 586*t - 2 + 583*t. List the prime factors of z(j).
3, 37
Suppose -29*i = -4907 - 5185. Suppose i = -2*y + 1520. What are the prime factors of y?
2, 293
Let x be 4/(-14) + ((-648362)/(-77) - 0). Suppose -x = 13*i - 27686. What are the prime factors of i?
2, 3, 13, 19
Suppose 2*f + 5*p - 46 = 0, -3*p - 5 = -f - p. Suppose -1 = 3*r - f. What are the prime factors of 936/15 - (r/10 + -1)?
3, 7
Suppose 3*z + 15*z - 538111 = 338867. What are the prime factors of z?
83, 587
Let z(d) = d**3 - 4*d**2 - 234*d - 36. What are the prime factors of z(22)?
2, 3, 7
Let v be 132/(-15)*(-5)/2. Let k = 18 - v. What are the prime factors of 2 + k - -2 - -157?
157
Suppose 558*g = 520*g + 163704. List the prime factors of g.
2, 3, 359
Suppose 144585 = 8*a + 43*a. List the prime factors of a.
3, 5, 7
Suppose 14*i - 4*i - 230 = 0. Suppose i*u = -14*u + 18241. What are the prime factors of u?
17, 29
Let a(r) = -24*r - 174. Let z(v) = -551*v - 4002. Let j(q) = 116*a(q) - 5*z(q). List the prime factors of j(-27).
3, 7, 29
List the prime factors of ((-3)/((-9)/2))/((-12)/(-28260)).
2, 5, 157
Let s = -553 - -718. Let c = s - -26. What are the prime factors of c?
191
List the prime factors of (-3 + -6 + 3)*1*-278.
2, 3, 139
Suppose -85*b + 79*b = 0. List the prime factors of b/((-5 - -1) + 3) - -819.
3, 7, 13
Let l = 1811 + -1071. Let q = l - 419. List the prime factors of q.
3, 107
Let m(n) be the first derivative of -28*n**2 - 22*n + 113. What are the prime factors of m(-17)?
2, 3, 5, 31
Suppose -575 = -t + 6*t. Let o = t - -149. What are the prime factors of o?
2, 17
Let v(b) be the second derivative of b**4/6 - b**3/3 - 15*b**2/2 - 212*b. What are the prime factors of v(-5)?
3, 5
Let f(o) = -25*o - 22. Let r be f(-1). Let t(m) = 21*m**3 + 3*m**2 - 12*m + 5. What are the prime factors of t(r)?
563
Let l = 62359 + -40602. List the prime factors of l.
21757
What are the prime factors of (5470 - -3) + 410/82?
2, 3, 11, 83
Let v = 257 - -261. What are the prime factors of (-21 - v)*(-1 - 0) - -1?
2, 3, 5
Suppose -4*r = -7*r - k + 16, -23 = -4*r - 3*k. Suppose -r*j + 11*j - 2142 = 0. Suppose -5*s - 4*b = -j, 3*s = s - 4*b + 138. What are the prime factors of s?
73
Let p(j) = 34*j**3 + 5*j**2 - 9*j - 5. Let u(x) = -x**3 + x**2 - 2*x - 1. Let s(w) = -p(w) + 5*u(w). List the prime factors of s(-1).
2, 5
What are the prime factors of ((-1136)/3124)/((-1)/32527)?
2, 2957
Suppose -75 = d - 78. Suppose 3*v - 3*p - 3214 = 1253, -p = -d*v + 4461. What are the prime factors of v?
2, 743
Let t(q) = 86*q - 1663. What are the prime factors of t(49)?
2551
What are the prime factors of (-57267)/(-15) - (120/(-25))/(-6)?
11, 347
Suppose -w = -5*o - 15502, 24261 = 3*w + 4*o - 22169. List the prime factors of w.
2, 7741
Let w(z) = -245*z - 29. Let b be (0 + -3 + -7)/2. What are the prime factors of w(b)?
2, 13, 23
Let g(k) = 14*k + 6*k**2 - 17*k**2 + 10*k**2 - 14. Let d be (-15)/35 + 104/14. List the prime factors of g(d).
5, 7
Let i(n) = -n**3 - 5*n**2 + 21*n + 15. Let s be 5/((-1)/(-2) + (-6)/(-18)). Let d be 1/(-1) + 14/s*-3. What are the prime factors of i(d)?
3, 13
Suppose 7*b - 9*b = -3*g + 238730, -5*g = -2*b - 397878. List the prime factors of g.
2, 11, 3617
Suppose 13 = -i + 5*d, 0 = -3*i + 6*i + 4*d - 18. List the prime factors of i/(-8 + -4) + (-6859)/(-6).
3, 127
Suppose r = 2*w - 95, -5*w = 2*r + 33 - 275. Suppose z - w = 9. Suppose 3*l - z = -3. List the prime factors of l.
2, 3
Let y = 28 + -40. What are the prime factors of (y/10)/((-18)/3540)?
2, 59
Let o = 309 + -435. Let g = o - -247. What are the prime factors of g?
11
Suppose -42*t + q - 12 = -44*t, 4*q = -2*t + 24. Suppose 4*x = -t*a + 484, a + 5*x = 124 - 11. What are the prime factors of a?
3, 41
Suppose o + 31 = 3*d, -5*d + 43 = -d - o. Let s(m) = -m**3 + 15*m**2 - 7*m + 15. List the prime factors of s(d).
3, 11
Let k = -13 - -12. Let h be (k + 0/2)/((-2)/356). Suppose -h - 143 = -3*r. What are the prime factors of r?
107
Suppose -4*u + 2443 = h, -665 = h + u - 3093. List the prime factors of h.
2423
Let j(r) = -r**2 + 5*r - 220. Let p(b) = 2*b**2 - 12*b + 434. Let n(u) = -5*j(u) - 2*p(u). Let a = 3 + -3. What are the prime factors of n(a)?
2, 29
Let i be -4 + (1 - (2 + -9)). Suppose 0 = -i*z + 690 + 158. What are the prime factors of (3 + -1 - -2) + z/2?
2, 5, 11
Suppose -t = 6 - 48. Suppose h + 13*h = t. Suppose 4*m + h*g - 540 = -m, -3*m - 2*g + 324 = 0. List the prime factors of m.
2, 3
What are the prime factors of 15/(1380/25507)*112?
2, 7, 1109
Suppose 3*b = -5*v + 4072, -19*b + 22*b - 5*v = 4052. List the prime factors of b.
2, 677
Suppose -2*x + 1760 = 3*x. Let h = 777 - x. List the prime factors of h.
5, 17
Let n = -23389 - -51133. What are the prime factors of n?
2, 3, 17
Let y(q) = -q**3 - 6*q**2 - q - 5. Let u be y(-6). Let f be 77 - (-1 + u + 0 - -1). Let d = f - 64. List the prime factors of d.
2, 3
Suppose 39*g = -40 + 196. Suppose -j = 2*j - 15. Suppose 5*c + j*p = 405, c - 2*c = -g*p - 81. What are the prime factors of c?
3
Let b = 977 - -43. Let n = b - 703. List the prime factors of n.
317
Let g(k) be the second derivative of k**5/20 + 3*k**4/2 - 11*k**3/3 - 7*k**2 + 2*k - 30. What are the prime factors of g(-18)?
2, 191
List the prime factors of (181470/575)/((-2)/(-40)).
2, 3, 263
Let o(n) = -1929*n**3 + 13*n**2 + 26*n + 1. Let x(r) = 965*r**3 - 6*r**2 - 12*r - 1. Let g(k) = -3*o(k) - 7*x(k). List the prime factors of g(-1).
3, 17, 19
Let f(c) = 59*c - 926. What are the prime factors of f(38)?
2, 7, 47
Let j(a) = a**3 - a**2. Let u(w) = 8*w**3 - 6*w**2 - 187. Let f(i) = 6*j(i) - u(i). What are the prime factors of f(0)?
11, 17
Let f = 1665 + -1681. Suppose 2*v - 63 - 43 = 0. Let r = f + v. What are the prime factors of r?
37
Let p = 35 - -121. Suppose -4*x + p = -3*x. What are the prime factors of x?
2, 3, 13
Suppose -5*f + 8*a = 3*a - 30, -5*a - 10 = -f. Suppose 5*x - 1657 = f*g + 908, -5*x + g = -2569. List the prime factors of x.
2, 257
Let s = 484 + -479. Suppose -4*z + 2*z = 5*y - 8941, y + s*z = 1802. List the prime factors of y.
1787
Suppose -4*n - n - 4*i = -443, 5*i + 288 = 3*n. Suppose 8*g - n = -803. Let s = 127 + g. List the prime factors of s.
2, 19
Suppose 15*o = 14*o - 4. Let a(s) = 10*s**2 - 8*s - 1. Let j(d) = 21*d**2 - 16*d - 3. Let k(l) = o*j(l) + 9*a(l). What are the prime factors of k(5)?
113
What are the prime factors of -6 + 10 - (-21776 + 4 - 9)?
5, 4357
Let m = -16789 - -26351. List the prime factors of m.
2, 7, 683
Let v(s) = -492*s + 52. Let r be v(-6). Suppose -16*i = -2580 - r. List the prime factors of i.
349
Let p = -286 - -289. Let k(i) = -16*i + 2. Let d be k(-6). Suppose -d = -p*z - 2. What are the prime factors of z?
2
Suppose 2208 = 72*x - 64*x. What are the prime factors of 207/x + (-1)/(8/(-9226))?
2, 577
Let s(n) = -795*n + 322. What are the prime factors of s(-2)?
2, 239
Suppose 5*x = -5*q + 65, x + 2*q - 8 - 2 = 0. Let g(i) = -i**3 + 18*i**2 - 3*i + 43. List the prime factors of g(x).
3, 13
Let m be (2/5)/((-76)/(-43510))*6. Suppose -3*g = 4*w - m, 3*g - 6*w - 1365 = -7*w. What are the prime factors of g?
2, 227
Let z(j) = j**2 + 9*j. Let s be z(-9). Let h be (5 - s) + (-14)/14. Suppose 192 + 484 = h*q. List the prime factors of q.
13
Let u be 4/(-2) + (-9)/(18/(-4)). Suppose 6*g - 60 + u = 0. Suppose 412 = -6*y + g*y. List the prime factors of y.
103
Let w be ((-723)/6)/(1 + 95/(-90)). Suppose -33*s + 9645 = -w. What are the prime factors of s?
2, 179
Let q = -108 - -119. Suppose -3*t + 431 = 5*u, q*u - 5 = 12*u. List the prime factors of t.
2, 19
Suppose 3*f = -g + 3441, 4*f + 10*g = 7*g + 4588. Suppose -3*q